{"id":18,"date":"2015-10-18T17:02:36","date_gmt":"2015-10-18T16:02:36","guid":{"rendered":"http:\/\/peaudemiel.fr\/?page_id=18"},"modified":"2020-11-26T09:15:48","modified_gmt":"2020-11-26T08:15:48","slug":"peau-de-miel","status":"publish","type":"page","link":"https:\/\/peaudemiel.fr\/index.php\/peau-de-miel\/","title":{"rendered":"Peau de miel"},"content":{"rendered":"<div style=\"background-image: url('http:\/\/static.commentcamarche.net\/sante-medecine.commentcamarche.net\/pictures\/EaFb9tme-miel.png'); width: 100%; height: 100%;\"><em>Peau de Miel<\/em>, c&rsquo;est l&rsquo;histoire d&rsquo;une rencontre entre l&rsquo;apiculture et l&rsquo;esth\u00e9tique.<br \/>\nAu fil des saisons, un projet est n\u00e9 dans un jardin d&rsquo;hiver, entre ces deux activit\u00e9s.-Recevoir, dans mon village, \u00e0 la maison une client\u00e8le d\u00e9j\u00e0 conquise par les bienfaits des miels.<br \/>\n-Faire d\u00e9couvrir \u00e0 tous, des marques de cosm\u00e9tiques <em>miell\u00e9es<\/em> et <em>tartin\u00e9es<\/em> de mes conseils exp\u00e9riment\u00e9s.<\/div>\n<div style=\"background-image: url('http:\/\/static.commentcamarche.net\/sante-medecine.commentcamarche.net\/pictures\/EaFb9tme-miel.png'); width: 100%; height: 100%;\">Je vous re\u00e7ois dans un espace insolite et atypique inond\u00e9 de lumi\u00e8re naturelle et vous propose les \u00e9pilations, les soins des mains, des pieds, les modelages du corps et autre dans un cocon de nature.<br \/>\nBonne visite<br \/>\nLola<br \/>\nN&rsquo;h\u00e9sitez pas \u00e0 me laisser vos coordonn\u00e9es&nbsp;sur <a href=\"mailto:contact@peaudemiel.fr\" target=\"_blank\" rel=\"noopener noreferrer\">contact@peaudemiel.fr<\/a><\/div>\n","protected":false},"excerpt":{"rendered":"<p>Peau de Miel, c&rsquo;est l&rsquo;histoire d&rsquo;une rencontre entre l&rsquo;apiculture et l&rsquo;esth\u00e9tique. Au fil des saisons, un projet est n\u00e9 dans un jardin d&rsquo;hiver, entre ces deux activit\u00e9s.-Recevoir, dans mon village, \u00e0 la maison une client\u00e8le d\u00e9j\u00e0 conquise par les bienfaits &hellip; <a href=\"https:\/\/peaudemiel.fr\/index.php\/peau-de-miel\/\">Lire la suite <span class=\"meta-nav\">&rarr;<\/span><\/a><\/p>\n","protected":false},"author":1,"featured_media":0,"parent":0,"menu_order":0,"comment_status":"closed","ping_status":"closed","template":"sidebar-page.php","meta":{"ngg_post_thumbnail":0,"footnotes":""},"class_list":["post-18","page","type-page","status-publish","hentry"],"_links":{"self":[{"href":"https:\/\/peaudemiel.fr\/index.php\/wp-json\/wp\/v2\/pages\/18","targetHints":{"allow":["GET"]}}],"collection":[{"href":"https:\/\/peaudemiel.fr\/index.php\/wp-json\/wp\/v2\/pages"}],"about":[{"href":"https:\/\/peaudemiel.fr\/index.php\/wp-json\/wp\/v2\/types\/page"}],"author":[{"embeddable":true,"href":"https:\/\/peaudemiel.fr\/index.php\/wp-json\/wp\/v2\/users\/1"}],"replies":[{"embeddable":true,"href":"https:\/\/peaudemiel.fr\/index.php\/wp-json\/wp\/v2\/comments?post=18"}],"version-history":[{"count":11,"href":"https:\/\/peaudemiel.fr\/index.php\/wp-json\/wp\/v2\/pages\/18\/revisions"}],"predecessor-version":[{"id":511,"href":"https:\/\/peaudemiel.fr\/index.php\/wp-json\/wp\/v2\/pages\/18\/revisions\/511"}],"wp:attachment":[{"href":"https:\/\/peaudemiel.fr\/index.php\/wp-json\/wp\/v2\/media?parent=18"}],"curies":[{"name":"wp","href":"https:\/\/api.w.org\/{rel}","templated":true}]}}