{"id":116,"date":"2016-01-07T17:03:22","date_gmt":"2016-01-07T16:03:22","guid":{"rendered":"http:\/\/peaudemiel.fr\/?page_id=116"},"modified":"2025-09-06T15:23:54","modified_gmt":"2025-09-06T14:23:54","slug":"forfaits-visage-et-corps","status":"publish","type":"page","link":"https:\/\/peaudemiel.fr\/index.php\/forfaits-visage-et-corps\/","title":{"rendered":"FORFAITS VISAGE ET CORPS"},"content":{"rendered":"<h2>Se donner du temps ou bien l&rsquo;offrir !!!<\/h2>\n<ul>\n<li>SE FAIRE BELLE <strong>2 h<\/strong>\n<ul>\n<li>Un soin visage \u00ab\u00a0voyage royal\u00a0\u00bb + Pose de vernis Mains et Pieds&nbsp; &nbsp; &nbsp; <strong>93,00 \u20ac<\/strong><\/li>\n<\/ul>\n<\/li>\n<li>PLEIN LE DOS <strong>1 h<\/strong>\n<ul>\n<li>Soin d\u00e9sincrustant du dos + Massage oriental du dos&nbsp; &nbsp; &nbsp; &nbsp; &nbsp; &nbsp; &nbsp; &nbsp; &nbsp; &nbsp;<strong>74,00 \u20ac<\/strong><\/li>\n<\/ul>\n<\/li>\n<li>ALV\u00c9OLE DES ADOS jusqu&rsquo;\u00e0 18 ans (\u00e0 justifier) <strong>1 h<\/strong>\n<ul>\n<li>Soin visage r\u00e9\u00e9quilibrant ou soin purifiant du dos&nbsp; &nbsp; &nbsp; &nbsp; &nbsp; &nbsp; &nbsp; &nbsp; &nbsp; &nbsp; &nbsp; &nbsp; &nbsp;<strong>47,00 \u20ac<\/strong><\/li>\n<\/ul>\n<\/li>\n<li>A BOUT D&rsquo;ONGLES <strong>1h 30<\/strong>\n<ul>\n<li>Soin des mains ou des pieds + pose de vernis simple mains ou pieds&nbsp;&nbsp;&nbsp;&nbsp;&nbsp;&nbsp;&nbsp;&nbsp;&nbsp;&nbsp;&nbsp;&nbsp;&nbsp;&nbsp;&nbsp;&nbsp;&nbsp;&nbsp;&nbsp;&nbsp;&nbsp;&nbsp;&nbsp;&nbsp;&nbsp;&nbsp;&nbsp;&nbsp;&nbsp;&nbsp;&nbsp;&nbsp;&nbsp;&nbsp;&nbsp;&nbsp;&nbsp;&nbsp;&nbsp;&nbsp;&nbsp;&nbsp;&nbsp;&nbsp;&nbsp;&nbsp;&nbsp;&nbsp;&nbsp;&nbsp;&nbsp;&nbsp;&nbsp;&nbsp;&nbsp;&nbsp;&nbsp;&nbsp;&nbsp;&nbsp;&nbsp;&nbsp;&nbsp;&nbsp;&nbsp;&nbsp;&nbsp;&nbsp;&nbsp;&nbsp;&nbsp;&nbsp;&nbsp;&nbsp;&nbsp;&nbsp;&nbsp;&nbsp;&nbsp;&nbsp;&nbsp;&nbsp;&nbsp;&nbsp;&nbsp;&nbsp;&nbsp;&nbsp;&nbsp;&nbsp;&nbsp;&nbsp;&nbsp;&nbsp;&nbsp;&nbsp;&nbsp;&nbsp;&nbsp;&nbsp; <strong>50,00 \u20ac<\/strong><\/li>\n<\/ul>\n<\/li>\n<li>LUNE DE MIEL <strong>3h<\/strong>\n<ul>\n<li>Soin du visage \u00ab\u00a0voyage royal\u00a0\u00bb 1h30 + Massage esth\u00e9tique aux huiles pr\u00e9cieuses et\/ou cire de propolis 1h30&nbsp; &nbsp; &nbsp; &nbsp; &nbsp; &nbsp; &nbsp; &nbsp; &nbsp; &nbsp; &nbsp; &nbsp; &nbsp; &nbsp; &nbsp; &nbsp; &nbsp; &nbsp; &nbsp; &nbsp; &nbsp; &nbsp; &nbsp; <strong>160,00 \u20ac<\/strong><\/li>\n<\/ul>\n<\/li>\n<\/ul>\n","protected":false},"excerpt":{"rendered":"<p>Se donner du temps ou bien l&rsquo;offrir !!! SE FAIRE BELLE 2 h Un soin visage \u00ab\u00a0voyage royal\u00a0\u00bb + Pose de vernis Mains et Pieds&nbsp; &nbsp; &nbsp; 93,00 \u20ac PLEIN LE DOS 1 h Soin d\u00e9sincrustant du dos + Massage &hellip; <a href=\"https:\/\/peaudemiel.fr\/index.php\/forfaits-visage-et-corps\/\">Lire la suite <span class=\"meta-nav\">&rarr;<\/span><\/a><\/p>\n","protected":false},"author":1,"featured_media":0,"parent":0,"menu_order":0,"comment_status":"closed","ping_status":"closed","template":"sidebar-page.php","meta":{"ngg_post_thumbnail":0,"footnotes":""},"class_list":["post-116","page","type-page","status-publish","hentry"],"_links":{"self":[{"href":"https:\/\/peaudemiel.fr\/index.php\/wp-json\/wp\/v2\/pages\/116","targetHints":{"allow":["GET"]}}],"collection":[{"href":"https:\/\/peaudemiel.fr\/index.php\/wp-json\/wp\/v2\/pages"}],"about":[{"href":"https:\/\/peaudemiel.fr\/index.php\/wp-json\/wp\/v2\/types\/page"}],"author":[{"embeddable":true,"href":"https:\/\/peaudemiel.fr\/index.php\/wp-json\/wp\/v2\/users\/1"}],"replies":[{"embeddable":true,"href":"https:\/\/peaudemiel.fr\/index.php\/wp-json\/wp\/v2\/comments?post=116"}],"version-history":[{"count":5,"href":"https:\/\/peaudemiel.fr\/index.php\/wp-json\/wp\/v2\/pages\/116\/revisions"}],"predecessor-version":[{"id":720,"href":"https:\/\/peaudemiel.fr\/index.php\/wp-json\/wp\/v2\/pages\/116\/revisions\/720"}],"wp:attachment":[{"href":"https:\/\/peaudemiel.fr\/index.php\/wp-json\/wp\/v2\/media?parent=116"}],"curies":[{"name":"wp","href":"https:\/\/api.w.org\/{rel}","templated":true}]}}