{"id":108,"date":"2016-01-07T17:01:30","date_gmt":"2016-01-07T16:01:30","guid":{"rendered":"http:\/\/peaudemiel.fr\/?page_id=108"},"modified":"2025-06-28T16:39:57","modified_gmt":"2025-06-28T15:39:57","slug":"soins-du-visages","status":"publish","type":"page","link":"https:\/\/peaudemiel.fr\/index.php\/soins-du-visages\/","title":{"rendered":"SOINS DU VISAGES SUR MESURE"},"content":{"rendered":"<p>Chaque soin est adapt\u00e9 \u00e0 votre \u00e9piderme selon vos besoins et au rythme des saisons<\/p>\n<h2>Soin du visage \u00ab\u00a0Voyage Royal\u00a0\u00bb<\/h2>\n<ul>\n<li>Hydratant, nourrissant, r\u00e9confortant aux actifs pr\u00e9cieux de la ruche (miel et gel\u00e9e royale)\n<ul>\n<li><strong>1h30&nbsp; &nbsp; &nbsp; &nbsp; &nbsp; &nbsp; &nbsp; &nbsp; &nbsp; &nbsp; &nbsp; &nbsp; &nbsp; &nbsp; &nbsp; &nbsp; &nbsp;74,00 \u20ac<\/strong><\/li>\n<\/ul>\n<\/li>\n<\/ul>\n<h2>Soin du visage \u00ab\u00a0Alv\u00e9ole de bien \u00eatre\u00a0\u00bb<\/h2>\n<ul>\n<li>Assainissant, d\u00e9sincrustant, sublimant aux actifs pr\u00e9cieux de la ruche (miel et propolis)\n<ul>\n<li><strong>1h&nbsp; &nbsp; &nbsp;<\/strong> &nbsp; &nbsp; &nbsp; &nbsp; &nbsp; &nbsp; &nbsp; &nbsp; &nbsp; &nbsp; &nbsp; &nbsp; &nbsp; &nbsp; &nbsp;<strong> 60,00 \u20ac<\/strong><\/li>\n<\/ul>\n<\/li>\n<\/ul>\n","protected":false},"excerpt":{"rendered":"<p>Chaque soin est adapt\u00e9 \u00e0 votre \u00e9piderme selon vos besoins et au rythme des saisons Soin du visage \u00ab\u00a0Voyage Royal\u00a0\u00bb Hydratant, nourrissant, r\u00e9confortant aux actifs pr\u00e9cieux de la ruche (miel et gel\u00e9e royale) 1h30&nbsp; &nbsp; &nbsp; &nbsp; &nbsp; &nbsp; &nbsp; &hellip; <a href=\"https:\/\/peaudemiel.fr\/index.php\/soins-du-visages\/\">Lire la suite <span class=\"meta-nav\">&rarr;<\/span><\/a><\/p>\n","protected":false},"author":1,"featured_media":0,"parent":0,"menu_order":0,"comment_status":"closed","ping_status":"closed","template":"sidebar-page.php","meta":{"ngg_post_thumbnail":0,"footnotes":""},"class_list":["post-108","page","type-page","status-publish","hentry"],"_links":{"self":[{"href":"https:\/\/peaudemiel.fr\/index.php\/wp-json\/wp\/v2\/pages\/108","targetHints":{"allow":["GET"]}}],"collection":[{"href":"https:\/\/peaudemiel.fr\/index.php\/wp-json\/wp\/v2\/pages"}],"about":[{"href":"https:\/\/peaudemiel.fr\/index.php\/wp-json\/wp\/v2\/types\/page"}],"author":[{"embeddable":true,"href":"https:\/\/peaudemiel.fr\/index.php\/wp-json\/wp\/v2\/users\/1"}],"replies":[{"embeddable":true,"href":"https:\/\/peaudemiel.fr\/index.php\/wp-json\/wp\/v2\/comments?post=108"}],"version-history":[{"count":3,"href":"https:\/\/peaudemiel.fr\/index.php\/wp-json\/wp\/v2\/pages\/108\/revisions"}],"predecessor-version":[{"id":690,"href":"https:\/\/peaudemiel.fr\/index.php\/wp-json\/wp\/v2\/pages\/108\/revisions\/690"}],"wp:attachment":[{"href":"https:\/\/peaudemiel.fr\/index.php\/wp-json\/wp\/v2\/media?parent=108"}],"curies":[{"name":"wp","href":"https:\/\/api.w.org\/{rel}","templated":true}]}}